 divisor of 23 and y?
23
Let r(f) = 3*f**3 - f. Let b be r(1). What is the greatest common divisor of 4 and b?
2
Suppose -9*b - 29*b + 798 = 0. Suppose -107 + 37 = -5*h. Calculate the highest common factor of h and b.
7
Suppose 0*c - 2*c = -180. Calculate the highest common divisor of c and 18.
18
Let p be (-3)/4 + 86/8. Calculate the greatest common divisor of 50 and p.
10
Let n = 60 - 38. Let a = -4 - -6. What is the highest common divisor of n and a?
2
Suppose h - 42 = 4*n, -5*n + 3 = h - 3. Suppose 2*z - 7*z + 65 = 0. What is the greatest common factor of z and h?
13
Let i be (3/5)/(5/25). Calculate the highest common divisor of i and 24.
3
Let x(n) = 2*n + 13. Let w be x(5). What is the highest common divisor of w and 92?
23
Suppose -4*d + 3*g = -43, -10 + 62 = 5*d - 2*g. Calculate the greatest common divisor of 110 and d.
10
Let s(w) = -4*w. Let y be s(-3). Let v = y + 0. Calculate the greatest common divisor of v and 3.
3
Let i be -1 + 2 + (9 - -23). What is the greatest common divisor of i and 99?
33
Let y be (-8)/(-5) + (-4)/(-10). Let w = -15 - -37. Calculate the greatest common divisor of w and y.
2
Suppose 0*c = -2*c + 26. Let x(z) = z**3 + 26*z**2 - 61*z - 36. Let n be x(-28). What is the greatest common factor of c and n?
13
Suppose 0 = -l - 3, -l - 10 = -5*x + 13. Suppose 2*h = x*h - 8. Calculate the greatest common divisor of h and 32.
4
Let z be (15/15)/(1/28). Calculate the highest common factor of z and 84.
28
Suppose 4*v - 14 = -3*o + 6*o, 0 = 4*o + 8. What is the greatest common divisor of v and 4?
2
Suppose -37 = -4*y + 47. Let v = 9 + y. Let s = 5 - -1. Calculate the highest common divisor of s and v.
6
Let i(t) = -2*t**2 + 17*t + 13. Let b be i(8). Calculate the greatest common factor of 21 and b.
21
Suppose o = 4*c + 43, -4*c + c = -6. Calculate the highest common factor of 17 and o.
17
Let t(g) = -g**2 - 12*g - 9. Let y be t(-10). What is the greatest common divisor of y and 33?
11
Let k be -14*(-2 + 0/(-1)). Calculate the greatest common divisor of 14 and k.
14
Let t = 42 - 104. Let l = t - -36. Let r be l/(-3) - 2/3. What is the highest common divisor of r and 32?
8
Let b = -1 - 8. Let t be 818/6 - (-12)/b. Calculate the greatest common divisor of t and 54.
27
Let g = -1 - -6. Let q be 6/(-2 + (-35)/(-10)). Suppose 4*y = g*z + 2, 0 = -y + 5*y - 4*z - q. What is the greatest common factor of y and 15?
3
Suppose -v = -2*i - 2, 2*v + 44 = 6*v + i. Calculate the greatest common divisor of 30 and v.
10
Let j(h) = 3*h. Let t be j(14). Suppose l + 2*r - 89 = -2*l, -2*r + 116 = 4*l. Let z = 1 + l. Calculate the highest common divisor of t and z.
14
Suppose -288 = -7*o - o. Calculate the highest common divisor of 24 and o.
12
Suppose 5*a = -10, -2*a = 3*j - j + 20. Let z = j + 9. What is the greatest common divisor of z and 1?
1
Suppose -5*q = -3 - 72. Calculate the greatest common factor of 3 and q.
3
Suppose -46 = -3*q + 5. Calculate the highest common factor of 17 and q.
17
Suppose 0 = -j - 5, -2*j + 1155 = 4*t - 5*j. Calculate the greatest common divisor of 15 and t.
15
Suppose -3*j + 2*j = -5. Suppose -2*v = -j*w + 444, -29 = -5*w - 3*v + 430. What is the greatest common divisor of 10 and w?
10
Suppose 5*k + x - 5 = -4, -4*k + 4 = 4*x. Suppose 6*b + 28 - 124 = k. What is the highest common divisor of 176 and b?
16
Let x = 2 + 0. Suppose 2*f + 108 = r, 8 = -6*f + x*f. What is the greatest common factor of r and 13?
13
Suppose 598 = 4*g + 5*x - 107, -x = -g + 174. What is the greatest common divisor of 70 and g?
35
Suppose 5*p = -2*j + 8, -2*p = -3*j - 9 + 2. Calculate the greatest common factor of p and 18.
2
Suppose -5*i = -5*v + 10, -5*v = -3*i - 8 - 10. Let k be (v/(-15))/((-3)/75). Calculate the highest common factor of k and 2.
2
Suppose 50 = -4*i - i. Let s be (0 + 4)*-3*i. Let g be (-81)/(-12)*s/9. Calculate the highest common factor of g and 10.
10
Suppose -5*d = a + 4*a, -3*d - 20 = -2*a. Suppose v - 37 = 5*g, -129 = -v - a*v - 3*g. What is the highest common factor of v and 9?
9
Suppose -2*b = 7*b - 126. What is the greatest common divisor of 28 and b?
14
Let l(g) = g**3 + 6*g**2 - 3*g - 1. Let r be l(-6). What is the highest common divisor of 153 and r?
17
Suppose 4*p + 11 = 5*y + 5*p, 2*y = -5*p - 14. What is the highest common divisor of 9 and y?
3
Let n(z) = z**2 - 3*z - 2. Let d be n(-2). Let v be 3/2*(-8)/(-12). Calculate the highest common factor of d and v.
1
Let s be (-2)/(1/(20/(-8))). Let g be (-3)/s + (-80)/(-50). What is the greatest common divisor of 4 and g?
1
Suppose 4*k - 5*k = -12. What is the highest common factor of 48 and k?
12
Let l(b) = 1 - 6 + 5*b**2 + 4 + b. Let p(d) = d**2 - 3*d - 2. Let u be p(3). Let f be l(u). What is the highest common divisor of f and 85?
17
Suppose 3*o - 76 = o + 4*z, z + 145 = 5*o. Let u be ((-7)/(-3))/(1/30). What is the highest common factor of o and u?
14
Suppose -2*n - 2*n + 300 = 0. Suppose 25 = -5*l + n. What is the greatest common divisor of l and 2?
2
Suppose 9*t - 4*t + 20 = 5*g, 0 = -4*g + t + 16. Let i be 18/g*(-96)/(-9). Calculate the highest common factor of i and 16.
16
Suppose 4*d = -b + 13, -5*d - b + 5 = -2*b. Calculate the highest common factor of d and 6.
2
Let o = 105 + -53. What is the greatest common factor of o and 13?
13
Let i be (-3)/(-3)*2 + 259. Calculate the highest common factor of 29 and i.
29
Let t(f) = -2*f. Let q be t(-5). Let p(s) = s + 8. Let v be p(-10). Let c be 1*(v - -1) - -51. What is the greatest common divisor of q and c?
10
Suppose -s = 2*s - 30. Suppose -s = -4*u - 2. Suppose 24 = 3*a - u*a. Calculate the greatest common divisor of a and 8.
8
Let s(z) = z - 2. Let v be s(7). Suppose -v*h = -0*h - 30. Suppose 0 = 4*g + x + 2*x - 135, -2*x = 2*g - 70. What is the greatest common factor of g and h?
6
Let a be (-6)/15*1*-5. Let h be ((-2)/a + -19)*3. Let i = 73 - h. What is the greatest common factor of i and 19?
19
Let i(g) = g**3 + 4*g**2 - 1. Let p be i(-3). Suppose 3*z - a + 6*a = p, 5 = z + 4*a. Let h = 4 + z. Calculate the highest common factor of 5 and h.
5
Suppose -c + 30 = -0*c. Let x = -2 - -4. Suppose -10 = -x*f + f. What is the greatest common factor of f and c?
10
Let h = 37 + 11. What is the greatest common divisor of h and 192?
48
Let z(v) = -v**2 + 8*v - 5. Let c be z(5). Let w be 9/(-6)*10/(-3). Suppose s = -4*j + 22, j + w = 4*j - 5*s. Calculate the greatest common divisor of c and j.
5
Suppose 3*q = -5*m - 3, 5*q - 2*m - 3 - 23 = 0. Let r(n) = -n**3 + 4*n**2 + 6*n - 8. Let s be r(q). What is the greatest common divisor of s and 4?
4
Let u = 85 - 45. What is the greatest common divisor of 8 and u?
8
Let w(v) = 3*v - 4. Let n be w(3). Suppose -n*b = -2*b - 90. Suppose 0*c = 5*c - 30. Calculate the highest common divisor of b and c.
6
Suppose 164 + 75 = 5*u - 2*q, -4*q = -2*u + 86. Let a = -30 + u. What is the highest common factor of a and 38?
19
Suppose -b = 3*b - 512. Calculate the greatest common divisor of b and 16.
16
Let v(s) = -4*s - 1. Let j be v(-7). Suppose -2*o + 3*r = -j, -2*o = 3*o - 4*r - 64. Suppose -5*k + o = -8. What is the highest common divisor of 6 and k?
2
Let l(p) = 4*p**3 + p**2 - p - 1. Let f be l(-2). Let m be 1084/18 + 6/f. What is the highest common factor of 24 and m?
12
Let j be 4/(-12)*(-10 - -1). Suppose -j*v + 3*u + 13 = u, 2*v + 3*u - 26 = 0. What is the greatest common factor of v and 21?
7
Let r = -1 - 1. Let y be -2 - (-8 + r + 1). Let c be y*(5 + 1) + -2. What is the highest common divisor of 8 and c?
8
Let z(t) = 30*t**3 - t**2 + 2*t - 1. Let k be z(1). Suppose 12 = -8*h + 12*h. Calculate the greatest common factor of h and k.
3
Suppose -39 = -4*o + 201. What is the greatest common factor of o and 15?
15
Let q = 42 - 25. Let n be (8/20)/((-2)/(-10)). Suppose -2*a - 128 = -4*z + 3*z, 5*z - n*a - 672 = 0. What is the highest common divisor of z and q?
17
Suppose 5 = 2*h + 3*h - 3*w, 2*h - 5*w = -17. Calculate the greatest common divisor of 4 and h.
4
Suppose 0 = -4*b - 12, -b - 348 = -3*a - 5*b. Let c be (-261)/(-7) + (-4)/14. Let o be (-2)/6 - c/(-3). Calculate the greatest common divisor of a and o.
12
Suppose -38 = -4*b - 2*r, 4*r = 4*b + r - 23. What is the greatest common divisor of b and 8?
8
Let v(j) = -4*j - 5. Let p be v(8). Let f = p + 111. Suppose f + 6 =